{"id":320,"date":"2020-05-14T21:19:53","date_gmt":"2020-05-15T00:19:53","guid":{"rendered":"https:\/\/www.fagmed.com.br\/loja\/?post_type=product&#038;p=320"},"modified":"2024-03-06T03:38:19","modified_gmt":"2024-03-06T06:38:19","slug":"adaptic-malha-nao-aderente-75x75cm","status":"publish","type":"product","link":"https:\/\/www.fagmed.com.br\/loja\/?product=adaptic-malha-nao-aderente-75x75cm","title":{"rendered":"ADAPTIC\u00ae Malha N\u00e3o Aderente 7,5&#215;7,5cm caixa com 50 unidades REF. 2012"},"content":{"rendered":"<table border=\"1\" width=\"100%\" cellspacing=\"0\" cellpadding=\"0\">\n<tbody>\n<tr>\n<td valign=\"top\" width=\"24%\">\n<p align=\"center\">2012<\/p>\n<\/td>\n<td width=\"24%\">\n<p align=\"center\">ADAPTIC<\/p>\n<\/td>\n<td width=\"24%\">\n<p align=\"center\">7,5X7,5 cm<\/p>\n<\/td>\n<td width=\"25%\">\n<p align=\"center\">CX C\/ 50 UN.<\/p>\n<\/td>\n<\/tr>\n<\/tbody>\n<\/table>\n<p>A compressa ADAPTIC \u00e9 um curativo prim\u00e1rio constitu\u00eddo por gaze entretecida de acetato de celulose, impregnado com uma emuls\u00e3o de petrolato com formula\u00e7\u00e3o especial.<\/p>\n<p>Foi concebido para ajudar a proteger a ferida, simultaneamente impedindo o curativo de aderir \u00e0 ferida.<\/p>\n","protected":false},"excerpt":{"rendered":"<p>2012 ADAPTIC 7,5X7,5 cm CX C\/ 50 UN. A compressa ADAPTIC \u00e9 um curativo prim\u00e1rio constitu\u00eddo por gaze entretecida de acetato de celulose, impregnado com uma emuls\u00e3o de petrolato com formula\u00e7\u00e3o especial. Foi concebido para ajudar a proteger a ferida, simultaneamente impedindo o curativo de aderir \u00e0 ferida.<\/p>\n","protected":false},"featured_media":321,"template":"","meta":[],"product_cat":[28],"product_tag":[],"class_list":{"0":"post-320","1":"product","2":"type-product","3":"status-publish","4":"has-post-thumbnail","6":"product_cat-curativos-especiais","8":"first","9":"instock","10":"taxable","11":"shipping-taxable","12":"purchasable","13":"product-type-simple"},"_links":{"self":[{"href":"https:\/\/www.fagmed.com.br\/loja\/index.php?rest_route=\/wp\/v2\/product\/320","targetHints":{"allow":["GET"]}}],"collection":[{"href":"https:\/\/www.fagmed.com.br\/loja\/index.php?rest_route=\/wp\/v2\/product"}],"about":[{"href":"https:\/\/www.fagmed.com.br\/loja\/index.php?rest_route=\/wp\/v2\/types\/product"}],"wp:featuredmedia":[{"embeddable":true,"href":"https:\/\/www.fagmed.com.br\/loja\/index.php?rest_route=\/wp\/v2\/media\/321"}],"wp:attachment":[{"href":"https:\/\/www.fagmed.com.br\/loja\/index.php?rest_route=%2Fwp%2Fv2%2Fmedia&parent=320"}],"wp:term":[{"taxonomy":"product_cat","embeddable":true,"href":"https:\/\/www.fagmed.com.br\/loja\/index.php?rest_route=%2Fwp%2Fv2%2Fproduct_cat&post=320"},{"taxonomy":"product_tag","embeddable":true,"href":"https:\/\/www.fagmed.com.br\/loja\/index.php?rest_route=%2Fwp%2Fv2%2Fproduct_tag&post=320"}],"curies":[{"name":"wp","href":"https:\/\/api.w.org\/{rel}","templated":true}]}}