{"id":330,"date":"2020-05-14T21:34:10","date_gmt":"2020-05-15T00:34:10","guid":{"rendered":"https:\/\/www.fagmed.com.br\/loja\/?post_type=product&#038;p=330"},"modified":"2020-12-12T20:57:18","modified_gmt":"2020-12-12T23:57:18","slug":"adaptic-touch-compressa-nao-aderente-de-silicone-76x11cm","status":"publish","type":"product","link":"https:\/\/www.fagmed.com.br\/loja\/?product=adaptic-touch-compressa-nao-aderente-de-silicone-76x11cm","title":{"rendered":"ADAPTIC\u00ae TOUCH &#8211; COMPRESSA N\u00c3O ADERENTE DE SILICONE 7,6x11cm caixa com 10 unidades REF. TCH502"},"content":{"rendered":"<table border=\"1\" width=\"100%\" cellspacing=\"0\" cellpadding=\"0\">\n<tbody>\n<tr>\n<td valign=\"top\">\n<p align=\"center\">TCH502<\/p>\n<\/td>\n<td>\n<p align=\"center\">ADAPTIC TOUCH<\/p>\n<\/td>\n<td>\n<p align=\"center\">7,6X11CM<\/p>\n<\/td>\n<td>\n<p align=\"center\">CX C\/ 10 UN.<\/p>\n<\/td>\n<\/tr>\n<\/tbody>\n<\/table>\n<p>ADAPTIC TOUCH\u2122 \u00e9 uma cobertura prim\u00e1ria n\u00e3o aderente composta por uma malha porosa e flex\u00edvel de silicone desenhada para otimizar o controle do exsudato e minimizar a dor durante sua remo\u00e7\u00e3o.<\/p>\n","protected":false},"excerpt":{"rendered":"<p>TCH502 ADAPTIC TOUCH 7,6X11CM CX C\/ 10 UN. ADAPTIC TOUCH\u2122 \u00e9 uma cobertura prim\u00e1ria n\u00e3o aderente composta por uma malha porosa e flex\u00edvel de silicone desenhada para otimizar o controle do exsudato e minimizar a dor durante sua remo\u00e7\u00e3o.<\/p>\n","protected":false},"featured_media":331,"template":"","meta":[],"product_cat":[28],"product_tag":[],"class_list":{"0":"post-330","1":"product","2":"type-product","3":"status-publish","4":"has-post-thumbnail","6":"product_cat-curativos-especiais","8":"first","9":"outofstock","10":"taxable","11":"shipping-taxable","12":"purchasable","13":"product-type-simple"},"_links":{"self":[{"href":"https:\/\/www.fagmed.com.br\/loja\/index.php?rest_route=\/wp\/v2\/product\/330","targetHints":{"allow":["GET"]}}],"collection":[{"href":"https:\/\/www.fagmed.com.br\/loja\/index.php?rest_route=\/wp\/v2\/product"}],"about":[{"href":"https:\/\/www.fagmed.com.br\/loja\/index.php?rest_route=\/wp\/v2\/types\/product"}],"wp:featuredmedia":[{"embeddable":true,"href":"https:\/\/www.fagmed.com.br\/loja\/index.php?rest_route=\/wp\/v2\/media\/331"}],"wp:attachment":[{"href":"https:\/\/www.fagmed.com.br\/loja\/index.php?rest_route=%2Fwp%2Fv2%2Fmedia&parent=330"}],"wp:term":[{"taxonomy":"product_cat","embeddable":true,"href":"https:\/\/www.fagmed.com.br\/loja\/index.php?rest_route=%2Fwp%2Fv2%2Fproduct_cat&post=330"},{"taxonomy":"product_tag","embeddable":true,"href":"https:\/\/www.fagmed.com.br\/loja\/index.php?rest_route=%2Fwp%2Fv2%2Fproduct_tag&post=330"}],"curies":[{"name":"wp","href":"https:\/\/api.w.org\/{rel}","templated":true}]}}