{"id":342,"date":"2020-05-15T21:12:29","date_gmt":"2020-05-16T00:12:29","guid":{"rendered":"https:\/\/www.fagmed.com.br\/loja\/?post_type=product&#038;p=342"},"modified":"2022-02-21T16:35:09","modified_gmt":"2022-02-21T19:35:09","slug":"nu-gel-hidrogel-25g","status":"publish","type":"product","link":"https:\/\/www.fagmed.com.br\/loja\/?product=nu-gel-hidrogel-25g","title":{"rendered":"NU-GEL\u00ae Hidrogel 25g caixa com 06 unidades REF. MNG425"},"content":{"rendered":"<p>&nbsp;<\/p>\n<table border=\"1\" width=\"100%\" cellspacing=\"0\" cellpadding=\"0\">\n<tbody>\n<tr>\n<td valign=\"top\">\n<p align=\"center\">MNG425<\/p>\n<\/td>\n<td>\n<p align=\"center\">NU-GEL HIDROGEL COM ALGINATO<\/p>\n<\/td>\n<td>\n<p align=\"center\">25 g<\/p>\n<\/td>\n<td>\n<p align=\"center\">CX C\/ 06 bisnagas.<\/p>\n<\/td>\n<\/tr>\n<\/tbody>\n<\/table>\n<p>O Hidrogel NU-GEL\u2122 com alginato de s\u00f3dio reidrata suave e eficazmente as feridas necrosadas, e com crosta tecido fibrinoso, fornecendo simultaneamente o ambiente h\u00famido favor\u00e1vel \u00e0 cicatriza\u00e7\u00e3o da ferida.<\/p>\n","protected":false},"excerpt":{"rendered":"<p>&nbsp; MNG425 NU-GEL HIDROGEL COM ALGINATO 25 g CX C\/ 06 bisnagas. O Hidrogel NU-GEL\u2122 com alginato de s\u00f3dio reidrata suave e eficazmente as feridas necrosadas, e com crosta tecido fibrinoso, fornecendo simultaneamente o ambiente h\u00famido favor\u00e1vel \u00e0 cicatriza\u00e7\u00e3o da ferida.<\/p>\n","protected":false},"featured_media":343,"template":"","meta":[],"product_cat":[28],"product_tag":[],"class_list":{"0":"post-342","1":"product","2":"type-product","3":"status-publish","4":"has-post-thumbnail","6":"product_cat-curativos-especiais","8":"first","9":"outofstock","10":"taxable","11":"shipping-taxable","12":"purchasable","13":"product-type-simple"},"_links":{"self":[{"href":"https:\/\/www.fagmed.com.br\/loja\/index.php?rest_route=\/wp\/v2\/product\/342","targetHints":{"allow":["GET"]}}],"collection":[{"href":"https:\/\/www.fagmed.com.br\/loja\/index.php?rest_route=\/wp\/v2\/product"}],"about":[{"href":"https:\/\/www.fagmed.com.br\/loja\/index.php?rest_route=\/wp\/v2\/types\/product"}],"wp:featuredmedia":[{"embeddable":true,"href":"https:\/\/www.fagmed.com.br\/loja\/index.php?rest_route=\/wp\/v2\/media\/343"}],"wp:attachment":[{"href":"https:\/\/www.fagmed.com.br\/loja\/index.php?rest_route=%2Fwp%2Fv2%2Fmedia&parent=342"}],"wp:term":[{"taxonomy":"product_cat","embeddable":true,"href":"https:\/\/www.fagmed.com.br\/loja\/index.php?rest_route=%2Fwp%2Fv2%2Fproduct_cat&post=342"},{"taxonomy":"product_tag","embeddable":true,"href":"https:\/\/www.fagmed.com.br\/loja\/index.php?rest_route=%2Fwp%2Fv2%2Fproduct_tag&post=342"}],"curies":[{"name":"wp","href":"https:\/\/api.w.org\/{rel}","templated":true}]}}