{"id":439,"date":"2020-05-16T16:06:19","date_gmt":"2020-05-16T19:06:19","guid":{"rendered":"https:\/\/www.fagmed.com.br\/loja\/?post_type=product&#038;p=439"},"modified":"2020-05-22T16:10:37","modified_gmt":"2020-05-22T19:10:37","slug":"curativo-avancado-snap-10cmx10cm","status":"publish","type":"product","link":"https:\/\/www.fagmed.com.br\/loja\/?product=curativo-avancado-snap-10cmx10cm","title":{"rendered":"CURATIVO AVAN\u00c7ADO SNAP 10CMX10CM &#8211; REF. SKTF10X10"},"content":{"rendered":"<p>\u2022 Dispon\u00edvel com uma interface de espuma AZUL<br \/>\n\u2022 Favorece n\u00edveis uniformes de press\u00e3o negativa<\/p>\n<p>Pre\u00e7o: R$ 1.200,00<br \/>\nDimens\u00f5es: ALTURA \u2013 4,5CM \/ LARGURA \u2013 20.5CM \/ COMPRIMENTO \u2013 26CM<br \/>\nPeso: 190 GRAMAS<\/p>\n","protected":false},"excerpt":{"rendered":"<p>\u2022 Dispon\u00edvel com uma interface de espuma AZUL \u2022 Favorece n\u00edveis uniformes de press\u00e3o negativa Pre\u00e7o: R$ 1.200,00 Dimens\u00f5es: ALTURA \u2013 4,5CM \/ LARGURA \u2013 20.5CM \/ COMPRIMENTO \u2013 26CM Peso: 190 GRAMAS<\/p>\n","protected":false},"featured_media":440,"template":"","meta":[],"product_cat":[33],"product_tag":[],"class_list":{"0":"post-439","1":"product","2":"type-product","3":"status-publish","4":"has-post-thumbnail","6":"product_cat-insumos-pressao-negativa","8":"first","9":"instock","10":"taxable","11":"shipping-taxable","12":"purchasable","13":"product-type-simple"},"_links":{"self":[{"href":"https:\/\/www.fagmed.com.br\/loja\/index.php?rest_route=\/wp\/v2\/product\/439","targetHints":{"allow":["GET"]}}],"collection":[{"href":"https:\/\/www.fagmed.com.br\/loja\/index.php?rest_route=\/wp\/v2\/product"}],"about":[{"href":"https:\/\/www.fagmed.com.br\/loja\/index.php?rest_route=\/wp\/v2\/types\/product"}],"wp:featuredmedia":[{"embeddable":true,"href":"https:\/\/www.fagmed.com.br\/loja\/index.php?rest_route=\/wp\/v2\/media\/440"}],"wp:attachment":[{"href":"https:\/\/www.fagmed.com.br\/loja\/index.php?rest_route=%2Fwp%2Fv2%2Fmedia&parent=439"}],"wp:term":[{"taxonomy":"product_cat","embeddable":true,"href":"https:\/\/www.fagmed.com.br\/loja\/index.php?rest_route=%2Fwp%2Fv2%2Fproduct_cat&post=439"},{"taxonomy":"product_tag","embeddable":true,"href":"https:\/\/www.fagmed.com.br\/loja\/index.php?rest_route=%2Fwp%2Fv2%2Fproduct_tag&post=439"}],"curies":[{"name":"wp","href":"https:\/\/api.w.org\/{rel}","templated":true}]}}